3). Determine p(r).
5
Let l(u) = u**3 - 3*u**2 - 6*u + 3. Suppose -876*y + 893*y + 34 = 0. Calculate l(y).
-5
Let k(f) = 16*f + f**2 + 2*f**2 + 13*f + 326 - 178 - 4*f**2. Determine k(33).
16
Let x(n) = -2182 + 729 - 3*n**2 + 729 + 725. What is x(3)?
-26
Let r(t) be the first derivative of -91 + t + 7/2*t**2 + 1/3*t**3. Determine r(-7).
1
Let s(m) = m**3 + m - 3. Let v be (-14)/(-1)*(-20)/(-14). Let f be v/(-90) + -1 + 11/9. Give s(f).
-3
Let w(v) = 14*v + 11. Let j be 30/(-75)*(-10)/6 - 60/9. Determine w(j).
-73
Suppose -64*s + 1484 = -58 - 314. Let h(i) = i - 28. What is h(s)?
1
Let z(w) = 31*w + 409. Let l(d) = 36*d + 410. Let q(x) = -5*l(x) + 6*z(x). What is q(-68)?
-4
Let q(v) be the third derivative of -v**7/5040 + v**6/360 - v**5/60 + 2*v**2. Let r(b) be the third derivative of q(b). Let d be 9/((-27)/21) + 9. What is r(d)?
0
Let x(d) = -d**2 - 5*d + 2. Suppose 37*t = 9*t + 1008. Let m be (-264)/45 + t/(-270). Determine x(m).
-4
Suppose 18*h + 5 - 347 = 0. Let p(t) = -t**2 + 18*t + 3. Give p(h).
-16
Suppose -s = -6*y + 2*y - 11, 2*s = 4*y + 6. Let r(z) = -z**3 - 6*z**2 - 7*z + 10. What is r(s)?
20
Let t(d) = 8*d**2 + 26 - d**3 - d**2 - 43 + 27 - 2*d. Suppose -7*p + 628 = -3*p. Suppose -4*b + p = 129. Calculate t(b).
-4
Let f(r) = 6 + 116*r**2 - 8*r - 115*r**2 + 0*r. Suppose 2*t + 3*t - 10 = 0. Suppose -t*v = 4*d - 3 - 13, -5*d - 5*v = -10. What is f(d)?
-6
Let d(p) = -7*p + 140. Let v be d(20). Let n(m) = v*m + 9*m + 1 + 2*m**2 - 11*m + 14*m. Calculate n(-8).
33
Let i(s) be the third derivative of 0*s + 0 - 1/2*s**3 - 8*s**2 + 5/24*s**4. Let z = -15 - -17. What is i(z)?
7
Let m(a) be the first derivative of a**3/3 + a**2 - 9*a - 8386. Let n be 2/6 + 3/(-9). Determine m(n).
-9
Let s(z) = 4*z**2 + 0*z**2 - 3*z**2 + 22561*z + 3 - 22564*z. Give s(0).
3
Let d be (8/(-4) - -1)*3. Let h(l) be the second derivative of -l**4/12 - 2*l**3/3 - 3*l**2 + 1447*l. What is h(d)?
-3
Let y(l) be the first derivative of -7*l**2/2 - l - 413. Suppose -5 = -5*r - 2*w, -5*w = r - w - 19. Give y(r).
6
Let c(y) = y**2 - 4*y - 21. Let t be c(7). Let d(q) = t*q**2 + 3*q - 4 - q**2 + 1 + 0. Suppose 18 = -5*h + 28. What is d(h)?
-1
Let y(i) = 6 - 2*i - 2*i**2 - 3 + i**2 + 1. Let b be (-22)/539 - 596/(-196). Calculate y(b).
-11
Let q(f) = -38*f - 32. Let t(a) = 6*a + 1. Let u(r) = q(r) + 6*t(r). What is u(-16)?
6
Let t(u) = 9*u**2 + 28*u + 52. Let m(c) = 2*c**2 + c - 1. Let h(j) = 4*m(j) - t(j). What is h(-16)?
72
Suppose 12*f + 50 = -36 + 26. Let m(v) = v**2 - v - 5. Calculate m(f).
25
Let i(q) = 2*q**3 + 2*q**2 + q + 2. Suppose -5 = -5*o, 11 = 2*s + 5*o + 10. Let r be i(s). Let g(v) = v**2 + 7*v + 1. Calculate g(r).
9
Let w(l) = -41*l**3 - 2*l**2 + 19*l + 24. Let f(x) = 30*x**3 - 14*x - 18. Let z(s) = -11*f(s) - 8*w(s). Give z(8).
22
Let i(g) = 9*g**3 + 12*g**2 - 70*g - 32. Let n(c) = 4*c**3 + 6*c**2 - 33*c - 16. Let z(t) = -3*i(t) + 7*n(t). Calculate z(-8).
24
Let o(l) = 23*l - 128. Let m(z) = -73*z + 79. Let t be m(1). Give o(t).
10
Let o(r) = 6*r - 139. Let q be (-5)/(-2)*36/15*(15 - 11). What is o(q)?
5
Let n be (-6)/10*(-7 - (-28)/14). Let d(c) be the third derivative of 2/3*c**n - 1/60*c**5 + 1/120*c**6 + 1/24*c**4 + 0 + 0*c + 9*c**2. Determine d(0).
4
Let d(n) = -n**3 - 5*n**2 - 6*n - 5. Suppose -10 = 5*w, -4*w + 192 = -2*o - 2*w. Let z = -102 - o. Determine d(z).
3
Suppose -34*b - 33 - 205 = 0. Let o(d) be the first derivative of -3 + 0*d - 1/3*d**3 - 4*d**2. What is o(b)?
7
Let p = -331 + 333. Let g(c) = -4*c**2 - 5. Let h(b) = 3*b**2 - b + 5. Let l(r) = p*g(r) + 3*h(r). Calculate l(6).
23
Let b(u) = -u**3 + 33*u**2 + 15*u + 22. Let p(j) = -j**3 + 32*j**2 + 8*j + 21. Let s(w) = 5*b(w) - 6*p(w). Calculate s(26).
10
Let l(f) = 31*f**2 + 534*f + 120. Let w be l(-17). Let g(s) = 50*s**2 - 1. What is g(w)?
49
Let p(d) = d**3 + 6*d**2 - 64*d + 89. Let z be p(-12). Let q(g) = g**2 + 4*g. Determine q(z).
21
Let s(i) = -4*i**2 + 10 + 8*i - 4*i**2 - 5*i**2 + 17*i**2 - 3*i**2. Suppose -19*c + 7 = -20*c. Calculate s(c).
3
Let l(v) be the first derivative of v**3 + v**2/2 + v + 556. Let u be -1*3/9 + 2/(-3). Determine l(u).
3
Let c(z) = -z**3 + 7*z**2 - 5*z + 7. Suppose 4*o = o + 21. Suppose -6*g - o = 503. Let p = -79 - g. What is c(p)?
13
Let h(i) = 3*i - 1. Suppose 2*c - 1 = 3*c + l, -3*l = -c + 19. Let d = -488 - -495. Suppose -2 = 3*z - c*k, 6*z - d*z - k + 4 = 0. Give h(z).
5
Suppose -5*k = -31*k + 52. Let g(n) = -5*n**2 + n**3 + 2*n**2 + 13*n**k + 14*n - 19 + 6*n**2. Give g(-15).
-4
Suppose -m = -6*m - 25. Let b be (-3 - -3) + 1/1. Let d(p) = 2 - 6*p - b - 5 - p**2. What is d(m)?
1
Let q(z) = -z**2 - 16*z + 14. Let f = -35 - -18. Let c be q(f). Let d(b) be the first derivative of 2*b**3/3 + 5*b**2/2 + 3*b - 25. Give d(c).
6
Let p(u) = -2*u**3 + 39*u**2 + 18*u + 42. Let s = 58 + -38. Let b be p(s). Let h(v) = -1 + 4*v**2 + 0*v + 0*v. Determine h(b).
15
Suppose 0*o - 2*o = 3*y - 11, o = -4*y + 23. Let f(x) = -15*x + 7*x + y*x - 6*x**2 + 6 + x**3. Suppose 3*k + 30 = 3*r, 3*k - k + 8 = 0. What is f(r)?
0
Let v(o) = -o**2 + 21*o - 21. Let b(a) = 27*a + 427. Let t be b(-15). Determine v(t).
-43
Let o(r) be the third derivative of -r**6/120 + r**5/5 - 5*r**4/8 + 4*r**3/3 - 3*r**2 - r - 189. What is o(12)?
-172
Let z(m) = -5*m**2 + 2*m**3 - 3*m - 3*m**3 - 3 - m. Let u be 6/16 + (-112761)/408. Let y be 46/u - (-1)/(-6)*23. Calculate z(y).
-3
Suppose 3*h = a + 159 + 55, 2*h = a + 141. Let x(i) = -i + 9*i - 71 + h. Give x(-2).
-14
Let b(c) = -c**3 - 8*c**2 - 16*c - 5. Let h = -5595 + 5590. Determine b(h).
0
Let p(x) = x + 28. Let a be p(-8). Suppose -15*g = -a*g. Let i(b) = -7*b**2 + 5*b - 10. Let u(l) = l**2 - l. Let r(m) = -i(m) - 6*u(m). Determine r(g).
10
Let t(x) = x**2 - 19*x + 109. Let p be t(11). Suppose p*n + 27 = -15. Let l(d) = -2*d**3 - 2*d**2 - 4*d - 2. Calculate l(n).
14
Let x(s) = -s + 2. Let b(y) = 3*y**2 + 7*y - 15. Let n(f) = 4*f**2 + 11*f - 23. Let h(a) = -7*b(a) + 5*n(a). Let j(w) = h(w) + 4*x(w). Determine j(2).
-2
Suppose -1002 = 165*y + 117*y - 449*y. Let x(f) be the second derivative of -7*f**3/6 + 20*f**2 - 2*f. What is x(y)?
-2
Let h(u) = 12 - 51 - 20*u + 25*u - 10. Determine h(14).
21
Let d = 3300 + -3301. Let x(c) = 4*c - 2. Calculate x(d).
-6
Let f(d) be the second derivative of 1/6*d**4 + d**2 + 12*d + 1/2*d**3 + 0. Let s be f(-1). Let c(x) = 19*x**2 - x. Calculate c(s).
18
Suppose 139*c = -6*c - 512*c + 2628. Let z(l) = l**3 + 2*l**2 + l. Let x be z(-1). Let s(u) = x*u**3 - 4 - 2*u**3 + 3*u**3 + u - 4*u**2. Give s(c).
0
Let k(h) = h**2 - 4*h - 2. Suppose -51*a + 25 = -56*a. Let m be 4 + 15/a + 2 + 2. Determine k(m).
3
Let i(n) = -1 + 1 - 6 - n - 4. Let x = 8 - 5. Suppose 5*d = -5*z - 25, x*z + 2*d + 14 = -2*d. What is i(z)?
-4
Let y(r) = -r**3 - 5*r**2 - 1. Let b(q) = 7*q**3 + 49*q**2 - 5*q + 5. Let i(a) = -b(a) - 10*y(a). Give i(-2).
-25
Let a = 4 - 11. Let f(l) be the first derivative of -l**3/3 - 4*l**2 - 9*l + 163. Give f(a).
-2
Let r(y) = -2*y - 2. Let a(z) be the first derivative of z**4/4 - 22*z**3/3 - 49*z**2/2 + 21*z - 195. Let m be a(24). Calculate r(m).
4
Let f = -102 - -105. Let v(n) = 4*n**2 - f*n + 2*n - 1 + 3*n. Calculate v(-3).
29
Let m(x) = -x**2 + 221685*x - 221700*x + 3*x**2 + 8. What is m(10)?
58
Suppose 4*u - 2 - 54 = 0. Let c = 184 + -175. Suppose c*y + 5 = u*y. Let q(m) = -8*m**3 + 2*m**2 - 1. What is q(y)?
-7
Let j(c) = -26*c + 172. Suppose 235*r - 2*y = 234*r + 3, 5*r + 2*y - 39 = 0. Determine j(r).
-10
Let f = 63 - 62. Let p be (-1*(-8)/(-28))/(f/(-7)). Let m(i) = -3 + 0*i**p + 8*i - 1 - i**2 - 3*i. Calculate m(5).
-4
Let o(t) = 8*t**2 + 4*t**2 - 4*t**2 + t + 2 - 5*t**2. Let i(v) = v**2 - 9*v - 24. Let k be i(11). Give o(k).
12
Let m(s) = 83*s**2 + 45*s - 191. Let t(v) = 116*v**2 + 68*v - 286. Let l(j) = 7*m(j) - 5*t(j). Calculate l(21).
9
Let z be -2 + (-72)/(-10) - (-2)/(-10). Let w(v) = 4*v**2 - 5*v + 18. Let q(t) = 5*t**2 - 4*t + 19. Let s(p) = z*q(p) - 6*w(p). Calculate s(-12).
11
Let a(u) = 18*u**2 - 3*u - 217. Let o(r) = -5*r**2 + r + 54. Let h(n) = 6*a(n) + 22*o(n). Let j(z) be the first derivative of h(z). Give j(2).
-4
Let p(l) = -l + 1. Suppose 0*y - 40 = 8*y. Let k be -1 + (-3 - y) - -2. Let n be (4 - 9)*3/(k/(-2)). Determine p(n).
-9
Let v(q) be the third derivative of -7*q**4/12 + 5*q**3/2 + 1331*q*